266/30 + 10/75. Suppose -2*y = -3*z + 6, -2*y = y + n. Suppose 4*q - 32 = -0*t - 3*t, z = 5*t + 20. Calculate the greatest common divisor of q and 11.
11
Suppose 0 = -5*u - 4*l + 15, 4*u + l = -4*l + 12. Suppose -q + u*q = 234. Let n be 12 + 1 + 0/1. What is the greatest common divisor of n and q?
13
Let i(c) = c**2 - 33*c - 141. Let o be i(38). Let w be ((-28)/6)/((-6)/27). What is the greatest common divisor of w and o?
7
Suppose -5*z = 2*m - 51, 5*z + m = 9*z - 46. Suppose h = -2*h + 3. What is the highest common factor of z and h?
1
Let t = -276 - -491. What is the highest common divisor of t and 25?
5
Suppose -89 = -5*m + 36. Let a(w) = 2 - 296*w + 39*w + 34*w. Let u be a(-1). What is the highest common factor of m and u?
25
Suppose -2*f + 63 - 31 = -h, -2*f + 34 = -2*h. Let r be -5*(0 - 21)/1. What is the greatest common factor of r and f?
15
Suppose 5*j + 5*h = -5, 0 = -5*j + 3*j + 5*h + 26. Let b = 736 - 685. What is the greatest common divisor of j and b?
3
Suppose -5*k - 2*w + 0*w - 25 = 0, -3*w = 2*k + 10. Let m = k - -10. Calculate the highest common factor of m and 55.
5
Let s = 1 - 2. Let u be 30*(2 + s) + -2. Let w = -1426 - -1433. Calculate the highest common factor of u and w.
7
Let q = -14 - -28. Suppose -46 = -4*b + q. What is the highest common divisor of b and 120?
15
Let y be (-1*3)/((-2)/14). Let x be (63/28)/((-9)/(-588)). What is the highest common divisor of y and x?
21
Let t = -118 + 623. Calculate the highest common divisor of 5 and t.
5
Suppose 63 = 3*f + 3*w, 3*f - f - w - 54 = 0. What is the greatest common divisor of f and 100?
25
Let t be ((-180)/42)/((-330)/(-112) + -3). What is the greatest common divisor of t and 208?
16
Let a = 1689 + -1687. What is the greatest common factor of a and 38?
2
Let b(n) = -174*n - 3. Let z be b(-1). Suppose 0 = -m + 3*o + z, -m = -0*o + 5*o - 155. Let w = 23 - 8. Calculate the highest common factor of m and w.
15
Let g(t) = -12*t + 8. Let s be g(5). Let z = -41 - s. What is the highest common factor of 1 and z?
1
Suppose b - 7 + 13 = 0. Let g = -4 - b. Suppose s - g*s = 2, 5*s - 8 = -3*r. What is the greatest common factor of r and 2?
2
Suppose -2*r - 4*b + 24 = -20, 4*b - 80 = -4*r. What is the greatest common divisor of r and 30?
6
Let m(y) = -2*y**2 + 38*y + 58. Let d be m(18). Calculate the greatest common factor of 94 and d.
94
Suppose -4*s = -3*l - s - 84, -4 = -s. Let g be ((2 - -2) + -5)*l. What is the greatest common factor of 3 and g?
3
Let u be ((-96)/(-30))/((-2)/5). Let o = u - -100. Calculate the greatest common divisor of 46 and o.
46
Suppose -2*o - 216 = -310. Let h be 4/(-6)*(-140 - 1). Calculate the greatest common divisor of o and h.
47
Let s = 1732 - 1067. Calculate the greatest common factor of 266 and s.
133
Suppose 3 = -3*a, 0 = v + 3*v - 2*a - 134. Let j be 6/v + 39/(-33). Let m be (0 - -1)/(j/(-3)). Calculate the greatest common factor of 6 and m.
3
Let p = 46 - 41. Suppose 0*l = -2*l + 16. Suppose 38 - l = 2*y. Calculate the greatest common divisor of y and p.
5
Suppose -10*p + 7*p = -105. Suppose i - p = -6*i. What is the highest common factor of i and 25?
5
Let f = 76 + -40. Let n = -17 + f. Let u = n + -8. What is the greatest common divisor of u and 121?
11
Let i be (4 - 5 - 1) + 182. Let v be i/25*(-2 - -7). Suppose 0 = -2*t + 2 + v. What is the highest common factor of t and 76?
19
Suppose 74*u + 174 = 415 + 277. Let i = 158 - 109. Calculate the highest common factor of u and i.
7
Let c be 6/(-21) - 72/(-7). Let q = 15 - c. Suppose -a - 2 + q = 0. Calculate the highest common divisor of 6 and a.
3
Let a(m) = -m + 9. Let n be a(4). Let f(b) = b**2 + 25*b + 1. Let u be f(-25). What is the greatest common divisor of u and n?
1
Suppose g + u = 38, 2*g - 24 - 40 = 2*u. Let f be 9/(-6)*(-15)/(-9)*-154. Calculate the highest common factor of g and f.
35
Let o be (-6)/(-18) + (-26)/(-3). Suppose 4*z = -0*z - 344. Let d = z + 122. Calculate the greatest common factor of o and d.
9
Suppose 20*p - 16*p = 20. Suppose -y + n = p - 40, -4*n + 20 = 0. Let w = -16 + 26. Calculate the greatest common divisor of y and w.
10
Let n be 1155/(-42)*(-12)/10. What is the highest common divisor of n and 39?
3
Suppose 2 = -2*f, 5*f = 5*j - 46 + 16. Suppose 0 = b - 5, j*p - 4*b - 162 = 23. What is the greatest common divisor of p and 328?
41
Suppose 301*f - 132 = 297*f. Suppose -3*v + 13 = 4. Calculate the greatest common factor of f and v.
3
Let r be ((-48)/(-9))/(4 + 44/(-12)). What is the highest common divisor of r and 56?
8
Let w(h) = -h + 4. Let a be w(11). Let g be (-1 - 39/(-21))*a. Let k be (-351)/(-18)*(-8)/g. Calculate the highest common divisor of 26 and k.
26
Let q be -2*(3 - 7)/8. Calculate the greatest common divisor of q and 1.
1
Let v = -9 + 14. Let m = v - 2. Suppose 0 = m*u - 20 - 40. What is the highest common factor of 4 and u?
4
Suppose 0 = -9*y + 10*y - 15. What is the greatest common divisor of y and 10?
5
Suppose 6*i - 20 = -4*i. Let v be 45/2*i/3 - -2. What is the highest common divisor of v and 34?
17
Let h be (((-1127)/2)/(-7))/((-18)/(-36)). What is the highest common divisor of 28 and h?
7
Let m be (6 - -15) + 6 - 21/3. Calculate the greatest common divisor of 530 and m.
10
Suppose 3*g - 75 = 10*v - 13*v, -4*v - 8 = 0. Calculate the highest common factor of 432 and g.
27
Let o(l) = l**3 + 16*l**2 - 36*l + 3. Let m be o(-15). What is the greatest common divisor of m and 48?
48
Let b be (15/10)/(9/6). Let g = b - -41. What is the greatest common divisor of 28 and g?
14
Suppose -5*y + 114 = 3*t + 35, -3*t = -y + 5. Suppose -2*b = -184 - y. What is the highest common factor of b and 9?
9
Let d be (-49)/(-2*2/(-8)*-1). What is the highest common factor of d and 14?
14
Suppose 8*v = 5*v + 216. Suppose -v = -6*z + 3*z. What is the highest common divisor of 32 and z?
8
Let q(o) = -o**2 + 62*o - 36. Let v be q(6). Calculate the greatest common divisor of v and 12.
12
Let h(c) = -31*c + 399. Let w be h(12). What is the greatest common divisor of w and 189?
27
Let t(z) = 4*z + 100. Let y be t(11). Calculate the highest common divisor of y and 64.
16
Let u = 36 + -20. Let r = 209 - 193. Calculate the highest common factor of r and u.
16
Let h = 28 - 33. Let u be ((-5)/(h/(-4)))/(7/(-252)). What is the highest common factor of u and 16?
16
Let y be (-634)/(-14) + (-2)/7. Suppose -79*h - 9 = -80*h. Calculate the greatest common factor of y and h.
9
Let u = 12 - 3. Suppose -c = -2*o + 13, -1 = -0*o + o + 2*c. Suppose -32 = -h - o. What is the greatest common divisor of u and h?
9
Let h(u) = u**3 + 23*u**2 - 26*u - 24. Let y be h(-24). Calculate the greatest common factor of y and 216.
24
Let k = -200 + 129. Let r = -53 - k. What is the greatest common divisor of 6 and r?
6
Suppose -24 = 2*g - 7*g - 4*r, r - 17 = -4*g. Suppose -2*y - 280 = 3*h - 1012, 1458 = g*y + 3*h. Calculate the highest common divisor of 33 and y.
33
Let n be 1*(-9 + 1) + 19. What is the greatest common factor of 7 and n?
1
Let i be 3*(-2)/4*1120/(-24). Suppose a = -3*a + 8. Suppose a*t - 3*d = -0*t + 37, 0 = -3*t - 3*d + 33. What is the greatest common divisor of i and t?
14
Let h = 1934 + -1826. Calculate the greatest common factor of 78 and h.
6
Let l = -199 - -256. Suppose -3*b + u = -l, 57 = 4*b + 6*u - u. Let s = 132 + -87. Calculate the highest common divisor of b and s.
9
Let i(v) = 451*v + 2717. Let z be i(-6). Let f(w) = 6*w**2 - 2*w**3 - 2*w**3 + 3 + 3*w**3 + 5*w. Let n be f(6). What is the greatest common factor of n and z?
11
Let k = 103 + -92. Suppose -k + 2 = -9*j. What is the greatest common divisor of 2 and j?
1
Suppose 0*i = 3*i - 9. Suppose 7*n + 252 = 19*n. Calculate the greatest common factor of i and n.
3
Let d(m) = m**2 - 14*m + 4. Let o be d(14). Suppose 2*q = -t + 5, 3*q - o*t = q. Calculate the greatest common factor of 6 and q.
2
Let v be (-48 - -8)/5 - -273. Calculate the greatest common divisor of 106 and v.
53
Let i = -3236 + 3481. Suppose -3*f + 49 = 2*u - 62, 4*f + u - 143 = 0. What is the highest common factor of i and f?
35
Let k = -36 + 19. Let z = 13 - k. Calculate the greatest common factor of 12 and z.
6
Let p = 858 - 730. Calculate the highest common factor of 320 and p.
64
Let q be ((-10)/60)/(2/(-12)). Suppose 0 = -u + 2*u + 3*i - q, -i + 33 =